vert 1111101010110 (base 2) to base 11.
6033
46c4 (base 14) to base 11
9294
22231 (base 4) to base 7
1666
1073 (base 11) to base 16
583
-fc2 (base 16) to base 11
-3038
Convert -12d9b (base 14) to base 5.
-2442324
Convert 10622 (base 8) to base 9.
6147
Convert 2a (base 11) to base 15.
22
Convert -14c5 (base 14) to base 15.
-116b
Convert -13642 (base 10) to base 6.
-143054
Convert -655 (base 7) to base 10.
-334
1a6 (base 11) to base 15
10c
What is 10010110010 (base 2) in base 8?
2262
What is -273 (base 15) in base 14?
-2bc
24354 (base 6) to base 12
20ba
Convert -277 (base 15) to base 9.
-684
What is -5c5 (base 14) in base 3?
-1120201
Convert 6878 (base 16) to base 5.
1323434
5096 (base 11) to base 6
51144
What is -3196 (base 10) in base 6?
-22444
1000101100000 (base 2) to base 10
4448
101101110110 (base 2) to base 10
2934
What is 2233 (base 5) in base 7?
633
-24416 (base 8) to base 3
-112102021
Convert -7337 (base 14) to base 6.
-231513
What is -1c63 (base 13) in base 16?
-10d2
-11111001011 (base 2) to base 16
-7cb
1333100 (base 4) to base 7
32513
What is 1217 (base 14) in base 12?
19b1
What is 1011 (base 5) in base 6?
335
What is -12202 (base 4) in base 15?
-1cd
What is -1326 (base 11) in base 15?
-79c
Convert -f8 (base 16) to base 15.
-118
Convert 212655 (base 8) to base 15.
160e0
Convert 840 (base 16) to base 12.
1280
200225 (base 6) to base 10
15641
What is 104154 (base 6) in base 3?
102221121
What is -5456 (base 13) in base 8?
-26724
What is 233 (base 7) in base 11?
101
2134421 (base 5) to base 3
1212120020
Convert -14747 (base 9) to base 4.
-2131213
-221101 (base 4) to base 15
-bb1
Convert -a620 (base 16) to base 8.
-123040
Convert -21200 (base 3) to base 14.
-10b
Convert 6b7 (base 13) to base 16.
48c
Convert 35772 (base 8) to base 6.
155030
Convert 40326 (base 8) to base 15.
4db8
Convert -310635 (base 7) to base 8.
-147626
Convert -111110110100 (base 2) to base 11.
-3025
a98a (base 14) to base 11
20040
Convert -601 (base 9) to base 7.
-1264
What is -1225 (base 8) in base 15?
-2e1
What is -1494 (base 11) in base 5?
-30133
6466 (base 7) to base 12
13ba
-44293 (base 10) to base 11
-30307
-4595 (base 15) to base 12
-8665
Convert 6504 (base 8) to base 5.
102041
-1500 (base 7) to base 16
-24c
Convert -216 (base 15) to base 10.
-471
Convert 8859 (base 10) to base 14.
332b
Convert -112db (base 14) to base 11.
-29400
Convert 100000110 (base 2) to base 4.
10012
Convert -1235 (base 15) to base 5.
-111000
575 (base 14) to base 2
10000111011
Convert 100011111110010 (base 2) to base 11.
12924
What is -1104 (base 10) in base 12?
-780
What is 1831 (base 14) in base 13?
1ca0
Convert -10111001 (base 2) to base 11.
-159
What is -16bb (base 15) in base 16?
-1325
What is 20221021 (base 3) in base 7?
20512
-1122020 (base 3) to base 12
-836
What is 101100110 (base 2) in base 14?
1b8
Convert -1001011000 (base 2) to base 4.
-21120
5937 (base 16) to base 4
11210313
-110000010011 (base 2) to base 5
-44331
Convert 4c36 (base 15) to base 7.
65244
-9b1 (base 14) to base 9
-2562
111010110 (base 2) to base 15
215
What is -11002 (base 10) in base 3?
-120002111
What is -9931 (base 12) in base 8?
-40765
-2101132 (base 4) to base 3
-110202211
Convert -2443 (base 9) to base 15.
-816
What is -27044 (base 8) in base 15?
-3777
What is 2b02 (base 13) in base 12?
3753
-1446 (base 13) to base 12
-1843
Convert 160d (base 14) to base 15.
1273
Convert 22122 (base 3) to base 4.
3221
3ab (base 14) to base 15
344
-413 (base 9) to base 16
-150
-16325 (base 7) to base 6
-33225
What is -8842 (base 15) in base 12?
-14852
Convert -32140 (base 5) to base 10.
-2170
-2220131 (base 4) to base 6
-121525
Convert 151201 (base 6) to base 3.
201221201
What is -726 (base 8) in base 12?
-332
Convert -11100100111101 (base 2) to base 8.
-34475
What is 45555 (base 9) in base 11?
20886
Convert 7a58 (base 11) to base 6.
121010
What is 6263 (base 7) in base 16?
899
What is -1396 (base 14) in base 16?
-d88
-50a (base 12) to base 6
-3214
What is 101311 (base 4) in base 13?
69a
What is -ea4 (base 15) in base 6?
-23144
Convert 133 (base 5) to base 4.
223
Convert -3973 (base 10) to base 9.
-5404
Convert -321010 (base 5) to base 3.
-112202100
What is 2017b (base 12) in base 10?
41711
Convert 117 (base 8) to base 6.
211
What is 102220112 (base 3) in base 6?
104105
What is -127 (base 8) in base 13?
-69
-11010111 (base 2) to base 11
-186
387 (base 10) to base 13
23a
What is -10250 (base 7) in base 15?
-b3e
1001110011100 (base 2) to base 5
130040
Convert -10345 (base 12) to base 4.
-11023211
What is 26be (base 15) in base 7?
33065
What is -79 (base 14) in base 4?
-1223
Convert 102324 (base 6) to base 9.
12377
1323 (base 8) to base 3
222210
What is 21233133 (base 4) in base 16?
9bdf
-6021 (base 15) to base 9
-30734
-118 (base 11) to base 4
-2030
Convert 353 (base 6) to base 9.
166
Convert 10211 (base 4) to base 7.
566
What is 177 (base 8) in base 7?
241
Convert -222 (base 5) to base 9.
-68
What is 33053 (base 6) in base 9?
6236
What is -b61 (base 13) in base 12?
-1156
-25134 (base 6) to base 5
-104410
-10011101011 (base 2) to base 12
-88b
226 (base 10) to base 7
442
ac5 (base 13) to base 15
836
112122121 (base 4) to base 15
1c301
-33383 (base 11) to base 6
-1011534
-425 (base 6) to base 14
-b7
What is 573 (base 11) in base 8?
1255
What is -5666 (base 9) in base 13?
-1ba5
607 (base 9) to base 11
409
b0c7 (base 14) to base 3
1112122102
11011110001 (base 2) to base 7
5116
Convert -1150211 (base 6) to base 12.
-2b367
What is 12214 (base 5) in base 3?
1021121
What is -57e4 (base 15) in base 5?
-1044124
Convert -343 (base 13) to base 3.
-202211
What is 10010011110110 (base 2) in base 6?
111450
-1043410 (base 5) to base 13
-8612
What is -737 (base 15) in base 7?
-4513
-7689 (base 13) to base 7
-66060
35011 (base 6) to base 3
20211021
-202411 (base 7) to base 4
-20123020
What is 1a6 (base 16) in base 3?
120122
Convert 110010000 (base 2) to base 10.
400
-21251 (base 7) to base 5
-132104
-8367 (base 10) to base 13
-3a68
c2f (base 16) to base 13
155c
What is -1000100110001001 (base 2) in base 13?
-13045
Convert -9555 (base 14) to base 8.
-62227
1111111010110011 (base 2) to base 10
65203
-1350 (base 6) to base 15
-189
Convert 100120222 (base 3) to base 8.
15520
What is a10 (base 12) in base 16?
5ac
What is -3220 (base 8) in base 7?
-4620
Convert 14161 (base 7) to base 14.
15a1
1453 (base 14) to base 16
e11
51033 (base 7) to base 2
11000001010100
2424 (base 5) to base 11
301
Convert -782 (base 14) to base 16.
-5ce
Convert -171 (base 9) to base 8.
-221
What is -537 (base 11) in base 13?
-3a8
What is -5269 (base 11) in base 8?
-15474
Convert -d84 (base 16) to base 10.
-3460
What is 1378 (base 13) in base 9?
3754
Convert -4521 (base 6) to base 13.
-634
-920 (base 11) to base 10
-1111
Convert 1154142 (base 6) to base 15.
134c8
11011001 (base 2) to base 14
117
What is -7a3 (base 12) in base 15?
-506
608 (base 11) to base 5
10414
What is -594 (base 12) in base 13?
-4c0
13443 (base 7) to base 14
1493
What is -10000111110111 (base 2) in base 11?
-6595
What is -1893 (base 10) in base 8?
-3545
16b3 (base 12) to base 7
10644
-563 (base 8) to base 4
-11303
What is -10100011 (base 2) in base 10?
-163
Convert 5cd (base 14) to base 15.
526
Convert 30a0 (base 12) to base 14.
1d0c
100100011010 (base 2) to base 13
10a3
What is 18248 (base 12) in base 5?
2104104
-104430 (base 5) to base 15
-1195
What is -423422 (base 5) in base 14?
-528d
4371 (base 11) to base 2
1011010000101
What is 1103 (base 11) in base 16?
5af
Convert -1045 (base 9) to base 6.
-3322
2121313 (base 4) to base 3
111111201
Convert -631 (base 11) to base 5.
-11020
Convert -1174 (base 9) to base 5.
-12002
Convert 4634 (base 7) to base 10.
1691
-14932 (base 11) to base 14
-7985
What is -2610 (base 10) in base 16?
-a32
1202120111 (base 3) to base 16
8779
Convert -11010000 (base 2) to base 7.
-415
Convert -3403 (base 8) to base 3.
-2110111
What is -66b (base 14) in base 10?
-1271
Convert -3672 (base 10) to base 2.
-111001011000
-a609 (base 11) to base 8
-33335
Convert 1853 (base 14) to base 4.
1010201
What is -10555 (base 6) in base 8?
-2747
Convert -4411 (base 13) to base 11.
-7137
-731 (base 13) to base 4
-103013
What is 5fa8 (base 16) in base 8?
57650
Convert -130521 (base 6) to b